{"id":30,"date":"2024-09-04T11:23:25","date_gmt":"2024-09-04T11:23:25","guid":{"rendered":"http:\/\/qnap-nas:12080\/?page_id=30"},"modified":"2024-10-04T11:22:31","modified_gmt":"2024-10-04T11:22:31","slug":"biography-biografia","status":"publish","type":"page","link":"https:\/\/jorgecastanho.com\/?page_id=30","title":{"rendered":"Biografia"},"content":{"rendered":"\t\t<div data-elementor-type=\"wp-page\" data-elementor-id=\"30\" class=\"elementor elementor-30\">\n\t\t\t\t<div class=\"elementor-element elementor-element-4a37de95 e-flex e-con-boxed e-con e-parent\" data-id=\"4a37de95\" data-element_type=\"container\">\n\t\t\t\t\t<div class=\"e-con-inner\">\n\t\t\t\t<div class=\"elementor-element elementor-element-3d74aa2c elementor-widget elementor-widget-text-editor\" data-id=\"3d74aa2c\" data-element_type=\"widget\" data-widget_type=\"text-editor.default\">\n\t\t\t\t<div class=\"elementor-widget-container\">\n\t\t\t\t\t\t\t<p><!-- wp:paragraph --><\/p>\n<p><strong>Jorge Castanho<\/strong> (1961 &#8211; )<\/p>\n<p><!-- \/wp:paragraph --><\/p>\n<p><!-- wp:paragraph --><\/p>\n<p>\u00c9 um artista investigador multidisciplinar independente.<\/p>\n<p><!-- \/wp:paragraph --><\/p>\n<p><!-- wp:paragraph --><\/p>\n<p>Foi Investigador integrado no Centro de Investiga\u00e7\u00e3o e de Estudos em Belas-Artes da Faculdade de Belas-Artes da Universidade de Lisboa, Sec\u00e7\u00e3o de Investiga\u00e7\u00e3o e de Estudos de Anatomia e Ilustra\u00e7\u00e3o Cient\u00edfica.<\/p>\n<p><!-- \/wp:paragraph --><\/p>\n<p><!-- wp:paragraph --><\/p>\n<p>Desenvolveu entre 2007 e 2013 dois programas de P\u00f3s-doutoramento em Desenho na FBAUL:\u00a0 <em>A diversidade morfol\u00f3gica e o imagin\u00e1rio: modela\u00e7\u00e3o e anima\u00e7\u00e3o das principais ocorr\u00eancias na representa\u00e7\u00e3o pl\u00e1stica do corpo humano<\/em>, de setembro de 2007 a julho de 2010; e <em>Desenho de anatomias bio-inspiradas e rob\u00f3ticas<\/em>, de setembro de 2010 a julho de 2013.<\/p>\n<p><!-- \/wp:paragraph --><\/p>\n<p><!-- wp:paragraph --><\/p>\n<p>Participou nas confer\u00eancias de <em>Desenho, Desenhar Saber Desenhar<\/em>\u00a0 e nas confer\u00eancias de Anatomia, <em>Anatomia Art\u00edstica, hoje<\/em>\u00a0na FBAUL e lecionou as disciplinas de Desenho Morfol\u00f3gico e de Anatomia Comparada no ano letivo de 2009\/2010 nos Mestrados de Desenho e de Anatomia Art\u00edstica, de Desenho Morfol\u00f3gico, no ano letivo de 2010\/2011 e de Desenho Morfol\u00f3gico, do Mestrado de Desenho, no ano letivo de 2011\/2012, no \u00e2mbito do programa de trabalhos de p\u00f3s-doutoramento.<\/p>\n<p><!-- \/wp:paragraph --><\/p>\n<p><!-- wp:paragraph --><\/p>\n<p><strong>Habilita\u00e7\u00f5es Liter\u00e1rias <\/strong><\/p>\n<p><!-- \/wp:paragraph --><\/p>\n<p><!-- wp:paragraph --><\/p>\n<p>2006 \u2013 \u00c9 titular do grau de Doutor em Desenho, pela Faculdade de Belas Artes da Universidade de Sevilha, com tese intitulada: \u201cLa interpretaci\u00f3n pl\u00e1stica de la cabeza del hombre, su representaci\u00f3n en el Dibujo y su aplicaci\u00f3n en gr\u00e1ficos 3D\u201d (2006) obtendo a classifica\u00e7\u00e3o de <em>Sobresaliente Cum Laude por unanimidad<\/em>.<\/p>\n<p><!-- \/wp:paragraph --><\/p>\n<p><!-- wp:paragraph --><\/p>\n<p>2002 \u2013Diploma de estudios avanzados\u00a0(DEA) em Desenho, Faculdade de Belas Artes da Universidade de Sevilha.<\/p>\n<p><!-- \/wp:paragraph --><\/p>\n<p><!-- wp:paragraph --><\/p>\n<p>Licenciado em Escultura pela Faculdade de Belas-Artes da Universidade de Lisboa.<\/p>\n<p><!-- \/wp:paragraph --><\/p>\n<p><!-- wp:paragraph --><\/p>\n<p><strong>Bolsas<\/strong><\/p>\n<p><!-- \/wp:paragraph --><\/p>\n<p><!-- wp:paragraph --><\/p>\n<p>2007\/2013 \u2013 Bolseiro de p\u00f3s-doutoramento da Funda\u00e7\u00e3o para a Ci\u00eancia e a Tecnologia no Centro de Investiga\u00e7\u00e3o e de Estudos em Belas-Artes da Faculdade de Belas-Artes da Universidade de Lisboa.<\/p>\n<p><!-- \/wp:paragraph --><\/p>\n<p><!-- wp:paragraph --><\/p>\n<p>2001\/2005 \u2013 Bolseiro de doutoramento do Minist\u00e9rio da Cultura de Portugal, na Faculdade de Belas Artes da Universidade de Sevilha.<\/p>\n<p><!-- \/wp:paragraph --><\/p>\n<p><!-- wp:paragraph --><\/p>\n<p><strong>A\u00e7\u00e3o art\u00edstica<\/strong><\/p>\n<p><!-- \/wp:paragraph --><\/p>\n<p><!-- wp:paragraph --><\/p>\n<p>Reside e desenvolve a\u00e7\u00e3o art\u00edstica em Lisboa. <p>Tem em perman\u00eancia um acervo visit\u00e1vel da sua obra, em Lisboa.<p>Desenvolve um projeto art\u00edstico no Parque Natural do Vale do Guadiana, onde plantou mais de tr\u00eas mil \u00e1rvores aut\u00f3ctones.<p>Enquanto curador, criou programas art\u00edsticos no Baixo Alentejo, apoiado pelas autarquias, com o foco em quest\u00f5es sociais, econ\u00f3micas e ecol\u00f3gicas. <p>Com artistas de curr\u00edculo internacional, fez interven\u00e7\u00e3o em f\u00e1bricas abandonadas, espa\u00e7os seculares e de \u00edndole social, urbanos e rurais, em minas e paisagens.<p>Escreveu textos, promoveu col\u00f3quios, livros e cat\u00e1logos e participou em<br>confer\u00eancias.<\/p>\n<p><!-- \/wp:paragraph --><\/p>\n<p><!-- wp:paragraph --><\/p>\n<p><!-- \/wp:paragraph --><\/p>\t\t\t\t\t\t<\/div>\n\t\t\t\t<\/div>\n\t\t\t\t\t<\/div>\n\t\t\t\t<\/div>\n\t\t\t\t<\/div>\n\t\t","protected":false},"excerpt":{"rendered":"<p>Jorge Castanho (1961 &#8211; ) \u00c9 um artista investigador multidisciplinar independente. Foi Investigador integrado no Centro de Investiga\u00e7\u00e3o e de Estudos em Belas-Artes da Faculdade de Belas-Artes da Universidade de Lisboa, Sec\u00e7\u00e3o de Investiga\u00e7\u00e3o e de Estudos de Anatomia e Ilustra\u00e7\u00e3o Cient\u00edfica. Desenvolveu entre 2007 e 2013 dois programas de P\u00f3s-doutoramento em Desenho na FBAUL:\u00a0 [&hellip;]<\/p>\n","protected":false},"author":2,"featured_media":0,"parent":0,"menu_order":0,"comment_status":"closed","ping_status":"closed","template":"","meta":{"footnotes":""},"class_list":["post-30","page","type-page","status-publish","hentry"],"_links":{"self":[{"href":"https:\/\/jorgecastanho.com\/index.php?rest_route=\/wp\/v2\/pages\/30","targetHints":{"allow":["GET"]}}],"collection":[{"href":"https:\/\/jorgecastanho.com\/index.php?rest_route=\/wp\/v2\/pages"}],"about":[{"href":"https:\/\/jorgecastanho.com\/index.php?rest_route=\/wp\/v2\/types\/page"}],"author":[{"embeddable":true,"href":"https:\/\/jorgecastanho.com\/index.php?rest_route=\/wp\/v2\/users\/2"}],"replies":[{"embeddable":true,"href":"https:\/\/jorgecastanho.com\/index.php?rest_route=%2Fwp%2Fv2%2Fcomments&post=30"}],"version-history":[{"count":9,"href":"https:\/\/jorgecastanho.com\/index.php?rest_route=\/wp\/v2\/pages\/30\/revisions"}],"predecessor-version":[{"id":300,"href":"https:\/\/jorgecastanho.com\/index.php?rest_route=\/wp\/v2\/pages\/30\/revisions\/300"}],"wp:attachment":[{"href":"https:\/\/jorgecastanho.com\/index.php?rest_route=%2Fwp%2Fv2%2Fmedia&parent=30"}],"curies":[{"name":"wp","href":"https:\/\/api.w.org\/{rel}","templated":true}]}}

<div data-elementor-type="wp-page" data-elementor-id="30" class="elementor elementor-30">
				<div class="elementor-element elementor-element-4a37de95 e-flex e-con-boxed e-con e-parent" data-id="4a37de95" data-element_type="container">
					<div class="e-con-inner">
				<div class="elementor-element elementor-element-3d74aa2c elementor-widget elementor-widget-text-editor" data-id="3d74aa2c" data-element_type="widget" data-widget_type="text-editor.default">
				<div class="elementor-widget-container">
							<p><!-- wp:paragraph --></p>
<p><strong>Jorge Castanho</strong> (1961 &#8211; )</p>
<p><!-- /wp:paragraph --></p>
<p><!-- wp:paragraph --></p>
<p>É um artista investigador multidisciplinar independente.</p>
<p><!-- /wp:paragraph --></p>
<p><!-- wp:paragraph --></p>
<p>Foi Investigador integrado no Centro de Investigação e de Estudos em Belas-Artes da Faculdade de Belas-Artes da Universidade de Lisboa, Secção de Investigação e de Estudos de Anatomia e Ilustração Científica.</p>
<p><!-- /wp:paragraph --></p>
<p><!-- wp:paragraph --></p>
<p>Desenvolveu entre 2007 e 2013 dois programas de Pós-doutoramento em Desenho na FBAUL:  <em>A diversidade morfológica e o imaginário: modelação e animação das principais ocorrências na representação plástica do corpo humano</em>, de setembro de 2007 a julho de 2010; e <em>Desenho de anatomias bio-inspiradas e robóticas</em>, de setembro de 2010 a julho de 2013.</p>
<p><!-- /wp:paragraph --></p>
<p><!-- wp:paragraph --></p>
<p>Participou nas conferências de <em>Desenho, Desenhar Saber Desenhar</em>  e nas conferências de Anatomia, <em>Anatomia Artística, hoje</em> na FBAUL e lecionou as disciplinas de Desenho Morfológico e de Anatomia Comparada no ano letivo de 2009/2010 nos Mestrados de Desenho e de Anatomia Artística, de Desenho Morfológico, no ano letivo de 2010/2011 e de Desenho Morfológico, do Mestrado de Desenho, no ano letivo de 2011/2012, no âmbito do programa de trabalhos de pós-doutoramento.</p>
<p><!-- /wp:paragraph --></p>
<p><!-- wp:paragraph --></p>
<p><strong>Habilitações Literárias </strong></p>
<p><!-- /wp:paragraph --></p>
<p><!-- wp:paragraph --></p>
<p>2006 – É titular do grau de Doutor em Desenho, pela Faculdade de Belas Artes da Universidade de Sevilha, com tese intitulada: “La interpretación plástica de la cabeza del hombre, su representación en el Dibujo y su aplicación en gráficos 3D” (2006) obtendo a classificação de <em>Sobresaliente Cum Laude por unanimidad</em>.</p>
<p><!-- /wp:paragraph --></p>
<p><!-- wp:paragraph --></p>
<p>2002 –Diploma de estudios avanzados (DEA) em Desenho, Faculdade de Belas Artes da Universidade de Sevilha.</p>
<p><!-- /wp:paragraph --></p>
<p><!-- wp:paragraph --></p>
<p>Licenciado em Escultura pela Faculdade de Belas-Artes da Universidade de Lisboa.</p>
<p><!-- /wp:paragraph --></p>
<p><!-- wp:paragraph --></p>
<p><strong>Bolsas</strong></p>
<p><!-- /wp:paragraph --></p>
<p><!-- wp:paragraph --></p>
<p>2007/2013 – Bolseiro de pós-doutoramento da Fundação para a Ciência e a Tecnologia no Centro de Investigação e de Estudos em Belas-Artes da Faculdade de Belas-Artes da Universidade de Lisboa.</p>
<p><!-- /wp:paragraph --></p>
<p><!-- wp:paragraph --></p>
<p>2001/2005 – Bolseiro de doutoramento do Ministério da Cultura de Portugal, na Faculdade de Belas Artes da Universidade de Sevilha.</p>
<p><!-- /wp:paragraph --></p>
<p><!-- wp:paragraph --></p>
<p><strong>Ação artística</strong></p>
<p><!-- /wp:paragraph --></p>
<p><!-- wp:paragraph --></p>
<p>Reside e desenvolve ação artística em Lisboa. <p>Tem em permanência um acervo visitável da sua obra, em Lisboa.<p>Desenvolve um projeto artístico no Parque Natural do Vale do Guadiana, onde plantou mais de três mil árvores autóctones.<p>Enquanto curador, criou programas artísticos no Baixo Alentejo, apoiado pelas autarquias, com o foco em questões sociais, económicas e ecológicas. <p>Com artistas de currículo internacional, fez intervenção em fábricas abandonadas, espaços seculares e de índole social, urbanos e rurais, em minas e paisagens.<p>Escreveu textos, promoveu colóquios, livros e catálogos e participou em<br>conferências.</p>
<p><!-- /wp:paragraph --></p>
<p><!-- wp:paragraph --></p>
<p><!-- /wp:paragraph --></p>						</div>
				</div>
					</div>
				</div>
				</div>

<p>Jorge Castanho (1961 &#8211; ) É um artista investigador multidisciplinar independente. Foi Investigador integrado no Centro de Investigação e de Estudos em Belas-Artes da Faculdade de Belas-Artes da Universidade de Lisboa, Secção de Investigação e de Estudos de Anatomia e Ilustração Científica. Desenvolveu entre 2007 e 2013 dois programas de Pós-doutoramento em Desenho na FBAUL:  [&hellip;]</p>
